*f + 98 = -386. Calculate the greatest common divisor of 11 and f.
11
Let q(n) = -n**2 + 9*n + 8. Let u be q(7). Calculate the highest common factor of 55 and u.
11
Suppose -3*z + 26 = 2. Let l(h) = h**2 - 5*h - 5. Let y be l(z). What is the highest common factor of y and 57?
19
Let m = 7 - 12. Let c be m/(10/4) + 8. What is the greatest common factor of c and 54?
6
Suppose 5*w = -152 - 148. Let n = -3 - w. What is the highest common factor of n and 38?
19
Let g(d) = -13*d + 4. Let k be g(-4). Let m be (2/(-4))/((-2)/k). Calculate the highest common divisor of 154 and m.
14
Suppose 4*x - 3*p = 42, x + 5*p - 26 = -3*x. Calculate the highest common factor of x and 3.
3
Suppose -4*i = -4*s + 6*s - 256, 564 = 4*s - 5*i. What is the highest common divisor of s and 17?
17
Let s(i) = -3*i - 9. Let j be s(-7). Let k(y) = -y + 4 - 4*y - j + 9*y. Let o be k(6). Calculate the greatest common divisor of 176 and o.
16
Suppose -2*a + 2*g - g = 9, 4*g = -5*a + 10. Let j be (-26)/4*-2 + a. Let m(s) = -s + 8. Let y be m(-3). What is the highest common factor of j and y?
11
Let i(u) = -u**2 + 4*u + 5. Let r be i(4). Let l = r - 3. Suppose -2*v - 2*v = -40. Calculate the highest common divisor of l and v.
2
Let s be (11*-8)/((5 - 4) + -2). What is the greatest common factor of s and 132?
44
Let l(p) = -p**3 + 4*p**2 - 5*p + 2. Let c be l(3). Let o(r) = -17*r - 5. Let i be o(c). Calculate the highest common factor of 7 and i.
7
Let l = -6 - -6. Suppose -2*b - 2*d - d + 12 = l, -2*d = 4. What is the greatest common divisor of 63 and b?
9
Let s = -12 + 31. Suppose -5*g + 84 - s = 0. Suppose -3*f + z + 3*z = -g, -2*z + 10 = 0. Calculate the greatest common divisor of f and 22.
11
Suppose 224 = 5*v - v. Suppose 5 = -m + 13. What is the greatest common divisor of m and v?
8
Let d be (0 + 3)/((-9)/(-213)). Calculate the highest common factor of d and 497.
71
Let q = 75 - -16. Let n be (-10)/(-15)*3 + 11. What is the greatest common factor of n and q?
13
Let x(u) = 5*u**2 + 0*u**2 + 0*u**2 - 1 - u + 5. Let y be x(4). What is the highest common factor of 10 and y?
10
Let v = -16 - -38. Suppose 161 + 277 = 5*l + m, -4*l + m = -345. Let r = l - v. What is the highest common factor of r and 26?
13
Let z be 24*(2 - (-3)/(-2)). Let f be (-4)/(-2)*(-278)/(-4). Let a = f - 7. Calculate the highest common divisor of z and a.
12
Let n be 1 - 8/(8/(-3)). Calculate the greatest common divisor of 10 and n.
2
Let i(d) = -d + 3. Let z be i(7). Let a(w) = 2*w**2 + w + 7*w**2 - 5*w**2 + w**3 + 5. Let r be a(z). Calculate the highest common factor of r and 1.
1
Let z(s) = -s**2 - 9*s + 6. Let v be z(-7). Suppose j = -2*x + 98, -j - 96 = -2*x - 3*j. Calculate the greatest common factor of x and v.
10
Let l = -6 - -9. Suppose -l*u = 2*v + 2*u - 3, -5*u = 15. Let j = 9 + 18. What is the highest common factor of v and j?
9
Let r be -2*3/12*-14. Suppose 130 - 690 = -5*j. Suppose 0*a + 2*a = j. What is the greatest common divisor of a and r?
7
Suppose 2*h = 3*h - 12. Suppose 60 = 9*u - 7*u. What is the highest common divisor of h and u?
6
Suppose j + p - 104 = 0, 0 = 3*j - p - p - 292. Calculate the greatest common factor of j and 20.
20
Let u(j) = -j. Let c be u(-7). Let x = c - 5. Suppose -84 = -x*y + y. What is the highest common factor of y and 12?
12
Suppose 4*v + r = 45, -3*v = 4*r - 5*r - 32. Let s be 702/8 - (-3)/12. Calculate the highest common divisor of s and v.
11
Let z(t) = 30*t**3 - 2*t**2 - t + 2. Let i be z(1). Calculate the highest common divisor of 232 and i.
29
Let d = 2 + -1. Let t be 0/(d - 6/3). Let r be 106/(2 - t) + -2. Calculate the greatest common factor of 17 and r.
17
Let k = -3 - -9. Calculate the greatest common factor of 42 and k.
6
Let c be -12 + 0*(-2)/(-6). Let z be 5/5 - (c - -1). Suppose 0 = b + 4, 43 = 2*v - 4*b - 45. What is the highest common factor of z and v?
12
Suppose -2*d + 0*d = -g - 37, 0 = 2*d - 5*g - 57. Calculate the highest common divisor of d and 24.
8
Let z(n) = -11*n. Let b(a) = a**3 - a**2 - 8. Let x be b(0). Let r be z(x). Calculate the greatest common factor of r and 11.
11
Let a(h) = -h**2 + 20*h + 9. Let n be a(12). What is the greatest common factor of 35 and n?
35
Suppose -60 = u + 4*u. Let d be (10/15)/(2/u). Let r be (-17)/d + 3/(-12). Calculate the highest common divisor of r and 20.
4
Let z = -14 + 14. Let u = 8 + z. Calculate the greatest common factor of 48 and u.
8
Suppose -2*h = -2*l + 5 + 5, -3*h = 4*l + 36. Let i = -1 - h. Suppose -i*v + 5*v = -8. Calculate the greatest common factor of 20 and v.
4
Suppose -6*g + 111 = -279. What is the highest common divisor of 13 and g?
13
Let b = 1 + 1. Let s be (-6)/(-24) + (-22)/(-8). Suppose -12 = -s*v + v. Calculate the greatest common factor of b and v.
2
Let q(s) = s**3 - 5*s**2 - 4*s + 6. Let a be q(6). Calculate the greatest common divisor of 9 and a.
9
Suppose 0 = 5*j - 6 + 1. Let m be ((-132)/(-10))/(j/5). Calculate the highest common factor of m and 6.
6
Suppose 0 = -4*k + 4*r - 9*r + 111, -r = -3. Let l = k + 48. What is the highest common factor of l and 8?
8
Let z(p) = -2*p - 7. Let t(d) = -d - 3. Let c(a) = 5*t(a) - 2*z(a). Let m be c(-11). What is the highest common divisor of m and 70?
10
Let o(n) = 12*n - 2. Let t be o(1). Suppose -b + 67 = d - 14, 0 = 3*b - 3. Calculate the highest common divisor of t and d.
10
Let f(q) = q**3 - 7*q**2 + 5. Let i be f(7). Suppose -i*m + 217 = -458. What is the greatest common divisor of m and 15?
15
Let i be 2/(-4) + 5/2. Let v be 0/(i/1) - -22. Suppose 0 = -3*b + 37 + 29. What is the greatest common divisor of b and v?
22
Let m = 9 - 6. Suppose g + 2*h - 64 = -m*g, 2*h - 10 = -g. What is the highest common divisor of 6 and g?
6
Let h be 26/(-65) + 57/5. Let r = 1 + 1. Let n be r + (1 - -54) + -2. What is the highest common divisor of h and n?
11
Suppose -3*q + 34 = 4. Suppose 7 = 2*i + f, q = 2*i - 4*f + 2*f. What is the greatest common factor of i and 28?
4
Let c = -18 - -11. Let b(x) = -x + 9. Let d be b(c). Calculate the greatest common divisor of 176 and d.
16
Let f be 15*(-2)/(40/(-12)). Calculate the greatest common factor of f and 45.
9
Suppose 3*l - 7*l = -360. Let w be 10/(2 + -3 + 2). What is the greatest common divisor of w and l?
10
Suppose -3*h + 5*c = -892, h + 0*c + 5*c - 284 = 0. Let k = -182 + h. Let w = 1 - -15. What is the greatest common divisor of w and k?
16
Let s be ((-8)/(-12)*-93)/(-2). Calculate the greatest common divisor of 93 and s.
31
Suppose 5*u - 4 = 4*u, -5*u = 4*g - 308. Let v = 6 - -3. Calculate the greatest common divisor of v and g.
9
Let h be 4/(-6)*18/(-12). Let p be 13*(h - (2 - 2)). What is the greatest common divisor of p and 13?
13
Let r = -3 - 2. Let o be (-3 + -57)*r/4. Calculate the greatest common divisor of o and 30.
15
Suppose 7*p = 2*p + 3*k - 847, -p = -4*k + 166. Let y = p + 346. What is the highest common factor of 16 and y?
16
Let h be (-318)/(-6) + (-1 + -2 - -2). Calculate the greatest common divisor of 572 and h.
52
Let z be 1 - 12/3 - -120. Calculate the highest common factor of z and 13.
13
Suppose 2*g - 12 = 4*x, 2*x + 2 = 6. Let v = -16 + 22. Let j be v/((12/(-40))/(-1)). Calculate the highest common divisor of g and j.
10
Let n(y) = -3*y**2 + 24*y - 7. Let h be n(7). Calculate the greatest common factor of 2 and h.
2
Let x(t) = -7*t. Let o be (-23)/5 - 4/10. Let j be x(o). What is the highest common divisor of j and 5?
5
Let n be 1/2*(1 - -125). Let i = 0 - 11. Let u = i - -18. What is the greatest common factor of u and n?
7
Let x be 1253/21 + (-1)/(-3). What is the highest common factor of x and 24?
12
Suppose -2*y = -1 - 1. Let b be 15/(-20) + 23/4. Suppose -b*m + 27 = -28. What is the greatest common divisor of y and m?
1
Let d(a) = -2*a**3 - 28*a**2 + 2. Let t be d(-14). Let y = -21 - -55. Let o = y - 16. Calculate the greatest common factor of o and t.
2
Suppose 0 = 2*d - 0*d - 30. Suppose 0 = 3*o + 2 - 26. Let p be (-3)/12 - (-82)/o. Calculate the greatest common factor of p and d.
5
Let f(d) = 8*d**2 - d - 3. Let l(m) = m**2 - 9*m + 12. Let k be l(8). Let n be f(k). What is the greatest common divisor of n and 11?
11
Let a = 24 - 69. Let r = 35 - a. Let o be (0 + 2 - -7) + 1. Calculate the greatest common divisor of o and r.
10
Suppose -3*w + 5*m = -58 + 4, 0 = 